0
Let v(m) = m**2 + 33*m - 202. Give v(12).
338
Let m(i) = 834*i - 16695. What is m(20)?
-15
Let r(v) = -9*v**2 - 235*v + 1055. Determine r(-30).
5
Let g(i) = i**3 - 3*i**2 - 2*i - 101. Determine g(0).
-101
Let w(s) = -505*s**2 - 34*s. Calculate w(-1).
-471
Let r(y) = -26*y**2 - 626*y + 7. What is r(-24)?
55
Let z(j) = 781*j - 9332. What is z(12)?
40
Let t(f) = -106*f**2 + 9*f - 8. Calculate t(1).
-105
Let z(p) = -p**3 + 17*p**2 - 82*p + 554. Give z(14).
-6
Let n(j) = j**2 + 82*j + 1565. Give n(-43).
-112
Let p(r) = -89*r + 8056. Determine p(90).
46
Let d(g) = -32028*g - 128103. Give d(-4).
9
Let p(v) = -3*v + 110. Give p(-17).
161
Let d(y) = -y**2 - 69*y - 1186. Calculate d(-34).
4
Let r(i) = 4*i**3 + 37*i**2 - 51*i - 200. What is r(-10)?
10
Let k(t) = 17*t**2 - 170*t + 44. What is k(10)?
44
Let x(n) = -n**3 - 22*n**2 - 12*n - 41. Give x(-21).
-230
Let v(f) = 5*f - 68. Give v(21).
37
Let a(v) = 25*v - 166. What is a(8)?
34
Let u(m) = 15*m**2 - 73*m - 219. Calculate u(7).
5
Let w(s) = 21*s - 9. Determine w(-2).
-51
Let l(n) = n**2 - 475*n + 12519. Determine l(28).
3
Let g(d) = 2*d + 3. Give g(-5).
-7
Let a(x) = 3728*x - 14891. Calculate a(4).
21
Let y(i) = -i**3 - 10*i**2 - 10*i + 49. Give y(-7).
-28
Let v(w) = -15*w + 288. Give v(22).
-42
Let a(j) = -17029*j + 17016. Give a(1).
-13
Let h(u) = 256*u + 6148. Determine h(-24).
4
Let w(l) = -26*l + 9. What is w(-9)?
243
Let u(r) = -2*r**3 + 153*r**2 - 88*r + 1000. What is u(76)?
88
Let w(r) = -5*r**2 - 17*r + 7. Calculate w(-6).
-71
Let i(a) = a**3 + 7*a**2 - 18*a - 119. Calculate i(-6).
25
Let p(t) = 43*t + 555. What is p(-9)?
168
Let g(f) = -3*f + 99. Calculate g(-26).
177
Let c(s) = s**2 + 62*s - 2901. Give c(31).
-18
Let a(h) = 97*h + 769. Give a(-8).
-7
Let z(d) = -2*d**2 - 5*d + 19. What is z(-6)?
-23
Let b(p) = 4*p**3 - 7*p**2 - 10*p + 59. What is b(4)?
163
Let x(o) = 2*o**3 + 256*o**2 + 40*o + 5132. Calculate x(-128).
12
Let q(y) = 9*y + 207. Give q(-5).
162
Let b(k) = 4*k**2 + 139*k - 463. Give b(-38).
31
Let z(v) = -3529*v + 17643. Give z(5).
-2
Let t(b) = 35*b - 490. Determine t(14).
0
Let b(l) = -2*l**3 - 25*l**2 + 89*l + 774. What is b(-14)?
116
Let v(g) = -5*g**2 - 24*g + 4. Calculate v(-10).
-256
Let s(q) = -12*q**2 + 172*q - 26. Give s(14).
30
Let h(p) = p**3 + 27*p**2 - 282*p - 60. What is h(-35)?
10
Let l(v) = -13*v - 141. What is l(-16)?
67
Let c(u) = -12*u**2 + 110*u - 102. Determine c(9).
-84
Let s(v) = 2*v**2 + 150*v - 624. Give s(4).
8
Let p(s) = s**2 + 3*s - 2137. What is p(45)?
23
Let n(w) = -w**2 + 32*w - 188. Give n(26).
-32
Let n(p) = -p**3 - 47*p**2 - 49*p - 189. What is n(-46)?
-51
Let q(m) = -m**3 - 15*m**2 - 8*m + 117. Give q(-4).
-27
Let p(m) = -762*m**3 - 2*m**2 + 4*m - 1. What is p(1)?
-761
Let q(v) = v**3 + 8*v**2 + 8*v + 16. Give q(-8).
-48
Let y(h) = -5*h**2 - 66*h - 22. What is y(-16)?
-246
Let x(q) = 76*q - 378. Give x(5).
2
Let q(x) = -x - 186. Calculate q(-72).
-114
Let u(b) = 2*b**3 - 35*b**2 - 21*b + 74. Determine u(18).
20
Let g(s) = -s**2 + 18*s - 76. Calculate g(11).
1
Let p(g) = g**3 - 9*g**2 - 8*g - 161. Determine p(11).
-7
Let y(k) = 5*k**2 - 127*k + 51. Calculate y(25).
1
Let r(l) = -844*l - 9279. Determine r(-11).
5
Let g(v) = 112*v + 644. Determine g(-9).
-364
Let o(y) = -11*y + 1. Calculate o(0).
1
Let n(i) = -i**3 + 9*i**2 + 5*i - 113. Determine n(8).
-9
Let b(g) = g**3 + 34*g**2 + 65*g. What is b(-2)?
-2
Let i(y) = y**3 - 17*y**2 + 21*y + 32. What is i(16)?
112
Let b(c) = -5*c**3 + 8*c - 24. What is b(0)?
-24
Let v(f) = 3283*f + 6582. What is v(-2)?
16
Let l(m) = m**3 - 5*m**2 - 17*m + 3. Determine l(8).
59
Let g(j) = j**2 + 58*j + 363. Determine g(-55).
198
Let q(u) = -u**3 + 70*u**2 - 388*u + 4091. Give q(65).
-4
Let b(x) = 1718*x - 27464. Determine b(16).
24
Let z(p) = 13*p - 129. Give z(11).
14
Let b(r) = 874*r + 14854. Give b(-17).
-4
Let w(m) = 2*m**2 + 32*m + 40. Determine w(-16).
40
Let r(m) = 2988*m + 253987. Determine r(-85).
7
Let w(j) = 6*j + 344. Calculate w(-59).
-10
Let j(n) = 111*n - 3446. Calculate j(32).
106
Let z(t) = 4*t**2 - t + 21. Determine z(0).
21
Let p(u) = 14*u - 349. Give p(25).
1
Let t(y) = -y**2 + 42*y - 70. What is t(40)?
10
Let s(u) = -323*u - 135. Determine s(-1).
188
Let z(o) = 5*o**3 + 214*o**2 - 42*o + 61. Determine z(-43).
18
Let f(y) = 2*y**3 + 130*y**2 - y - 46. Give f(-65).
19
Let y(r) = -2*r**2 + 50*r - 101. What is y(22)?
31
Let a(o) = -279*o + 1692. Calculate a(6).
18
Let h(s) = s**2 - 48*s - 46. What is h(18)?
-586
Let v(u) = -3*u**3 - 458*u**2 - 310*u - 885. Calculate v(-152).
27
Let c(b) = -3*b - 222. Give c(20).
-282
Let k(d) = d**3 + 53*d**2 - 11*d + 2317. What is k(-54)?
-5
Let q(i) = 291*i + 204. Give q(-2).
-378
Let y(f) = 12*f - 47. Calculate y(-11).
-179
Let m(a) = -9*a**2 - 643*a + 1288. What is m(2)?
-34
Let d(t) = -6*t + 169. Give d(30).
-11
Let x(v) = v**3 - 4*v**2 - 37*v - 13. Calculate x(10).
217
Let a(o) = o**3 + 20*o**2 + 9*o + 169. What is a(-20)?
-11
Let b(k) = 7*k**2 - 394*k + 862. Determine b(54).
-2
Let m(l) = l**3 - 8*l**2 + 45*l - 144. Determine m(4).
-28
Let s(u) = u**2 + 13*u - 4005. What is s(-70)?
-15
Let x(l) = -l**3 - 61*l**2 + 59*l - 90. What is x(-62)?
96
Let r(x) = 188*x**3 - 3*x**2 - 6*x - 3. Determine r(-1).
-188
Let f(s) = 187*s - 198. What is f(1)?
-11
Let h(c) = -c**2 + 94*c - 1207. Give h(79).
-22
Let y(q) = -41*q - 169. Give y(-5).
36
Let b(p) = -2*p**3 - 2*p**2 + 44*p - 104. Calculate b(4).
-88
Let d(y) = 6*y**2 - 224*y - 56. Give d(38).
96
Let w(y) = 7*y**3 - 27*y**2 + 3*y - 32. What is w(4)?
-4
Let q(t) = 171*t - 1411. What is q(8)?
-43
Let q(r) = -2*r**2 - 1918*r - 3835. What is q(-2)?
-7
Let x(d) = -d**3 - 18*d**2 - 8*d - 151. Determine x(-18).
-7
Let r(j) = -30*j**2 + 11*j - 19. Calculate r(2).
-117
Let u(y) = -12*y + 38. Give u(13).
-118
Let l(r) = -r**3 - 20*r**2 - 66*r - 229. What is l(-17)?
26
Let y(v) = -26*v - 61. Determine y(-3).
17
Let r(p) = -2*p**3 - 6*p**2 + 22*p. Give r(2).
4
Let k(f) = f**2 - 15*f + 37. What is k(17)?
71
Let n(u) = -5*u**3 + 93*u**2 + 45*u - 129. Give n(19).
4
Let j(x) = x**2 + 6*x - 187. Calculate j(-17).
0
Let r(u) = 7*u**2 + 53*u + 8. Give r(-3).
-88
Let z(o) = -74*o + 3916. Determine z(53).
-6
Let n(o) = -7*o**3 - 130*o**2 - 130*o - 1. Determine n(-1).
6
Let v(f) = 37*f**2 + f + 21. Determine v(3).
357
Let h(s) = 64*s - 3027. Determine h(39).
-531
Let h(b) = -85*b**2 + 595*b - 1. Give h(7).
-1
Let t(l) = -2*l**2 + 85*l - 290. Give t(39).
-17
Let d(y) = y**3 - 42*y**2 + 88*y - 1. Give d(2).
15
Let r(m) = 686*m + 721. Give r(-1).
35
Let p(l) = 11*l + 96. Calculate p(20).
316
Let h(a) = 59*a + 65. Determine h(0).
65
Let t(l) = -3*l**3 - 36*l**2 - 2*l + 383. What is t(-11)?
42
Let x(n) = -2*n**3 - 68*n**2 + 39*n - 1120. What is x(-35)?
-35
Let v(s) = -1503*s + 13507. Determine v(9).
-20
Let q(m) = m**2 - 496*m + 2463. Give q(5).
8
Let f(d) = d**3 + 19*d**2 + 34*d + 10. Determine f(-17).
10
Let x(l) = 84*l + 76. Determine x(-5).
-344
Let g(p) = -3*p**2 - 53*p - 141. Determine g(-15).
-21
Let j(h) = 78*h + 395. Calculate j(-7).
-151
Let y(v) = 4*v**2 + 31*v - 18. Give y(-7).
-39
Let w(u) = 49*u - 228. Give w(5).
17
Let d(j) = -25*j - 253. What is d(-14)?
97
Let d(o) = o**2 - 222*o + 12266. Determine d(102).
26
Let s(i) = -i**3 - 5*i**2 + 64*i + 29. Determine s(-9).
-223
Let q(g) = g**3 - 7*g**2 - 31*g + 10. Give q(6).
-212
Let q(y) = -y**3 + 29*y**2 - 18*y - 7. Determine q(28).
273
Let n(h) = 2*h**3 + 8*h**2 - 415*h - 2484. What is n(-6)?
-138
Let o(u) = 697*u + 7655. Determine o(-11).
-12
Let f(b) = -b**3 + 54*b**2 + 388*b - 1682. Calculate f(60).
-2
Let x(d) = -92*d - 643. What is x(-6)?
-91
Let h(u) = 5*u**2 + 7*u + 13. Determine h(0).
13
Let f(k) = -k**3 + 10*k**2 + 15*k - 50. Determine f(11).
-6
Let b(y) = 3*y**3 + 53*y**2 + 37*y + 36. What is b(-17)?
-15
Let j(n) = -2*n**2 - 56*n + 42. Determine j(-29).
-16
Let b(d) = 2*d**3 + 16*d**2 + 28*d + 158. What is b(-9)?
-256
Let s(l) = -87*l + 593. What is s(7)?
-16
Let x(h) = 50*h + 258. Determine x(-7).
-92
Let p(y) = 1644*y + 208786. Give p(-127).
-2
Let l(z) = -z**2 + 11*z - 8. Calculate l(21).
-218
Let s(f) = 45*f**2 - 4500*f + 7. Calculate s(100).
7
Let l(s) = -3*s**2 - s - 6. What is l(-2)?
-16
Let k(z) = z**3 - 21*z**2 - 40*z - 58. Determine k(23).
80
Let i(a) = 6